lculate the remainder when 25065 is divided by 24893.
172
Calculate the remainder when 912545 is divided by 13034.
165
What is the remainder when 1940 is divided by 496?
452
Calculate the remainder when 76456 is divided by 19105.
36
What is the remainder when 130854 is divided by 3181?
433
What is the remainder when 36669 is divided by 11812?
1233
What is the remainder when 9878 is divided by 9689?
189
What is the remainder when 24013331 is divided by 5412?
287
Calculate the remainder when 98378 is divided by 8169.
350
Calculate the remainder when 3772878 is divided by 63.
60
Calculate the remainder when 1156298 is divided by 495.
473
Calculate the remainder when 276957 is divided by 205.
2
What is the remainder when 770934 is divided by 159?
102
Calculate the remainder when 32352 is divided by 1026.
546
What is the remainder when 3792348 is divided by 487?
79
Calculate the remainder when 138797 is divided by 13868.
117
Calculate the remainder when 1727318 is divided by 3755.
18
What is the remainder when 760069 is divided by 502?
41
Calculate the remainder when 7147951 is divided by 35.
6
Calculate the remainder when 288030 is divided by 286502.
1528
Calculate the remainder when 21271692 is divided by 553.
547
Calculate the remainder when 1210194 is divided by 4202.
18
Calculate the remainder when 266468 is divided by 17.
10
Calculate the remainder when 6828001 is divided by 4096.
4065
Calculate the remainder when 976282 is divided by 1060.
22
Calculate the remainder when 100935 is divided by 33637.
24
Calculate the remainder when 428634 is divided by 1816.
58
What is the remainder when 3889693 is divided by 1703?
41
What is the remainder when 1187117 is divided by 4944?
557
What is the remainder when 13003577 is divided by 181?
175
Calculate the remainder when 259278 is divided by 36760.
1958
What is the remainder when 455303 is divided by 617?
574
What is the remainder when 23709 is divided by 1425?
909
What is the remainder when 332833 is divided by 3918?
3721
What is the remainder when 7833 is divided by 340?
13
Calculate the remainder when 50531693 is divided by 12632921.
9
Calculate the remainder when 8113769 is divided by 2028441.
5
What is the remainder when 10014729 is divided by 4076?
4073
What is the remainder when 265889888 is divided by 6381?
6380
Calculate the remainder when 76251 is divided by 9512.
155
What is the remainder when 133895400 is divided by 114?
6
What is the remainder when 644488 is divided by 29258?
812
Calculate the remainder when 329195 is divided by 7554.
4373
Calculate the remainder when 6935583 is divided by 11009.
10922
What is the remainder when 4384469 is divided by 2192233?
3
What is the remainder when 5898970 is divided by 3108?
3094
What is the remainder when 414799384 is divided by 6019?
6018
What is the remainder when 161656 is divided by 1242?
196
What is the remainder when 22389747 is divided by 675?
672
What is the remainder when 1144905 is divided by 11?
3
What is the remainder when 55047 is divided by 18012?
1011
Calculate the remainder when 228281 is divided by 43.
37
What is the remainder when 831552 is divided by 1523?
1517
Calculate the remainder when 176931487 is divided by 94.
81
Calculate the remainder when 137932 is divided by 137198.
734
What is the remainder when 14988284 is divided by 7494117?
50
What is the remainder when 41239 is divided by 670?
369
Calculate the remainder when 1565156 is divided by 29.
26
Calculate the remainder when 22965665 is divided by 2556.
5
What is the remainder when 87450 is divided by 4756?
1842
Calculate the remainder when 39852863 is divided by 13284281.
20
Calculate the remainder when 8529620 is divided by 15.
5
What is the remainder when 66820 is divided by 164?
72
What is the remainder when 588256 is divided by 329?
4
What is the remainder when 5307311 is divided by 2002?
9
What is the remainder when 290555 is divided by 58040?
355
Calculate the remainder when 8283630 is divided by 820.
810
Calculate the remainder when 1439215 is divided by 533.
115
Calculate the remainder when 675742 is divided by 71.
35
What is the remainder when 58171588 is divided by 61?
36
What is the remainder when 26038 is divided by 2354?
144
What is the remainder when 13716638 is divided by 518?
516
What is the remainder when 43518343 is divided by 190?
173
Calculate the remainder when 12958 is divided by 29.
24
What is the remainder when 802924 is divided by 137?
104
Calculate the remainder when 223646 is divided by 27941.
118
What is the remainder when 544879 is divided by 12372?
511
What is the remainder when 140211 is divided by 76?
67
Calculate the remainder when 60701 is divided by 28968.
2765
Calculate the remainder when 114122 is divided by 19019.
8
Calculate the remainder when 5206863 is divided by 1224.
1191
What is the remainder when 2756590 is divided by 72?
70
What is the remainder when 158627 is divided by 11?
7
Calculate the remainder when 3119020 is divided by 595.
30
Calculate the remainder when 90729071 is divided by 411.
410
Calculate the remainder when 407684 is divided by 966.
32
Calculate the remainder when 2598482 is divided by 866152.
26
What is the remainder when 271519 is divided by 140?
59
What is the remainder when 95711 is divided by 2990?
31
Calculate the remainder when 55852547 is divided by 2963.
2960
Calculate the remainder when 1047147378 is divided by 5.
3
Calculate the remainder when 22492 is divided by 2640.
1372
What is the remainder when 239385 is divided by 238601?
784
What is the remainder when 7448920 is divided by 4584?
4504
What is the remainder when 57575677 is divided by 160?
157
Calculate the remainder when 6100456 is divided by 4269.
55
Calculate the remainder when 629546 is divided by 6489.
113
Calculate the remainder when 1980716 is divided by 920.
876
Calculate the remainder when 381547 is divided by 2401.
2189
What is the remainder when 38433 is divided by 512?
33
Calculate the remainder when 3713113 is divided by 7.
5
What is the remainder when 60973 is divided by 1067?
154
Calculate the remainder when 3469482 is divided by 38.
6
What is the remainder when 2054840 is divided by 93?
5
What is the remainder when 109684984 is divided by 33?
13
What is the remainder when 744490 is divided by 248?
242
What is the remainder when 20687383 is divided by 14073?
73
Calculate the remainder when 32226 is divided by 2022.
1896
Calculate the remainder when 180414 is divided by 2005.
1969
What is the remainder when 75879 is divided by 75727?
152
What is the remainder when 145557 is divided by 1256?
1117
What is the remainder when 2039122 is divided by 51?
40
What is the remainder when 7725057 is divided by 604?
501
What is the remainder when 610957 is divided by 438?
385
Calculate the remainder when 6489107 is divided by 159.
158
What is the remainder when 4494419 is divided by 156?
59
What is the remainder when 7912044 is divided by 670?
14
What is the remainder when 8619 is divided by 717?
15
Calculate the remainder when 597411 is divided by 415.
226
Calculate the remainder when 173330048 is divided by 86665022.
4
Calculate the remainder when 9557585 is divided by 565.
45
Calculate the remainder when 38370 is divided by 493.
409
What is the remainder when 274600199 is divided by 17?
15
Calculate the remainder when 10390 is divided by 1932.
730
What is the remainder when 9620159 is divided by 1603359?
5
What is the remainder when 6732 is divided by 3306?
120
What is the remainder when 1639836 is divided by 2207?
35
What is the remainder when 181115 is divided by 42?
11
What is the remainder when 1556647 is divided by 73?
68
Calculate the remainder when 6597 is divided by 66.
63
Calculate the remainder when 7889967 is divided by 37.
13
What is the remainder when 640614763 is divided by 23?
18
What is the remainder when 3952145 is divided by 41168?
17
What is the remainder when 234767 is divided by 37838?
7739
Calculate the remainder when 6393 is divided by 6241.
152
Calculate the remainder when 164306 is divided by 341.
285
Calculate the remainder when 2060546 is divided by 257560.
66
Calculate the remainder when 199330 is divided by 73.
40
Calculate the remainder when 52251 is divided by 1861.
143
What is the remainder when 92240 is